t t be z(0). Suppose -t*x + 561 = -x. Suppose f - 187 = -5*h, 3*f + 2*h - x = h. Is f a prime number?
False
Let l be (18/(-8))/(51/(-136)). Let s be (-24)/(-9) + 2/(-3). Is 675/l + 1/s a prime number?
True
Let n(y) be the third derivative of -121*y**4/4 + 29*y**3/6 - y**2 + 23*y. Is n(-12) a prime number?
True
Let z(d) = d + 9. Let i be z(-11). Is 1 + (i - 4)*-75 prime?
False
Suppose -3*d - 11 + 2 = 0. Is -1*((-1 - 1507) + d) + 0 prime?
True
Suppose t - 383 = 109. Suppose t = 6*j - 450. Is j a composite number?
False
Let v be ((-102)/(-9))/((-1)/21). Let u = v - -541. Is u a prime number?
False
Let i(h) = 1381*h**2 + 6*h - 44. Is i(5) composite?
False
Let k = 22 + -22. Is (-502)/(-6)*(6 - k) a composite number?
True
Suppose 0 = -3*z + 432 + 435. Is z composite?
True
Let q(t) = 286*t**2 - 17*t + 153. Is q(6) a composite number?
True
Is (5/5 + -2)/((-6)/9894) composite?
True
Let v = 34569 + -1940. Is v composite?
True
Let y(v) be the second derivative of v**4/3 - 5*v**3/2 + 2*v**2 + 10*v. Is y(6) a composite number?
True
Let c(t) = 457*t**2 + 9*t - 27. Is c(4) a composite number?
False
Let l = -14373 - -36800. Is l prime?
False
Suppose 4*a = j - 18, -j = -3*j - 2*a - 4. Suppose j = -t, 16 = 5*l - 4*t - 7. Suppose l*c + 126 = 699. Is c a prime number?
True
Let t(k) = 17*k**2 + 66*k - 127. Is t(38) composite?
True
Let q = 70572 + -36353. Is q composite?
True
Suppose -20979 = 17*s - 60470. Is s prime?
False
Suppose -3 = -w, -3*t = -2*w - 3*w + 3. Let z be (25 - -3) + t/1. Let c = z - -45. Is c composite?
True
Suppose 61995 = 33*v - 28*v. Is v a composite number?
True
Let s be (2 - (3 + -28)) + 2. Let t(m) = 0*m**2 + m**2 - s*m + 7 + 25*m + 2*m**2. Is t(6) prime?
False
Is (-6)/4 + 11 + (-303765)/(-22) a prime number?
False
Suppose p = -4*p - 595. Let k = -191 - p. Let m = 193 + k. Is m prime?
False
Let v be (6/4)/(6/12). Suppose -v*u + u - 3*y = -4, -u = 3*y - 2. Suppose 0 = -u*z - 2*z - t + 50, -7 = -z - 3*t. Is z prime?
True
Let f be (-3)/(((-3)/5)/((-1774)/(-5))). Is (f/(-4))/(2/(-4)) a prime number?
True
Let c be (10/6)/(-16 + 190/12). Suppose 0 = 3*j, 0 = -4*n - 2*j + 674 + 682. Is c/(-30)*(n + 0) a prime number?
True
Let q be (-26 - 5)/((-2)/502). Suppose -3*x = -q + 1334. Is x a composite number?
True
Let v(k) = 33*k - 25. Let d = -80 - -88. Is v(d) a composite number?
False
Let d be (-6)/9 - (-4)/6. Suppose 2*q - f - 5 + 3 = d, 0 = -3*q - 3*f + 21. Suppose v - q*v + 1586 = 4*x, -4*v - 1173 = -3*x. Is x prime?
False
Let r(m) = 2*m**3 + 8*m**2 + 10*m + 8. Let x be r(-6). Let a = x + 354. Suppose -2*j + 4*o = -a, 3*j + 0*o - 197 = -2*o. Is j prime?
False
Suppose h - 8 = 8. Let v be (-4)/h - (-26)/8. Suppose -k = -v*k + 2086. Is k composite?
True
Let m = 6131 + -1591. Suppose -3*u = 7*u - m. Is u a composite number?
True
Is 40392 + 2*-3 + (-21)/(-21) a prime number?
True
Suppose 4*d - 3319 - 1029 = 0. Is d prime?
True
Let a be (-154)/(-56) - 2/(-8). Suppose 5*x = -20, a*t - 6*t = -3*x - 339. Is t prime?
True
Suppose 0 = 5*s - 10*s - 2*n - 1200, 2*s + 3*n + 480 = 0. Let l = s + 439. Is l prime?
True
Let o be -2 + 568 + (-6)/(-3). Let p = 10 - o. Let x = p - -953. Is x prime?
False
Let v(n) = n + 10. Let u be v(-6). Suppose 0 = -u*w, 0 = 5*m - 4*w - 37 + 7. Is m a composite number?
True
Let k(l) = 42*l + 6. Let d(b) = -43*b - 5. Let x(j) = 5*d(j) + 4*k(j). Let u = -438 - -434. Is x(u) a composite number?
True
Suppose 520818 = 2*v + 4*a, -4*a - 5 = -1. Is v a composite number?
False
Suppose 4*r = -r + 3*p + 1630, 0 = 5*r - 4*p - 1625. Is r prime?
False
Let i(w) = -4*w**2 + 16*w**2 + 5*w**2 - 5 - 16*w. Is i(10) prime?
False
Let m(z) = 2*z**2 - z - 1. Let a(y) = -y**2 + 8*y - 13. Let x be a(6). Let b be m(x). Suppose 4*r - 447 = -3*i + 98, 3*i - 533 = b*r. Is i prime?
True
Let q be (-1)/(2408/2406 + -1). Let a = -652 - q. Is a composite?
True
Suppose -2*i - 4*y - 744 = 0, 4*i - 2*y - 748 = 6*i. Let p = -173 - i. Is p a prime number?
False
Let y = 22 - 18. Suppose 5*i = -y*t + 1481, -i - 5*t + 606 = i. Is i composite?
False
Let x be ((-25)/10)/((-2)/4). Let k = -33 - -35. Suppose -x*c + k*c + 987 = 0. Is c a prime number?
False
Suppose x + 4*a - 162 = 3*x, -3*x = -a + 243. Suppose 5*h = u - 215 + 60, -5*h = 0. Let s = u + x. Is s prime?
False
Is ((-2)/6)/((-31726430)/(-2643870) - 12) a prime number?
True
Let k = -1164 - -1685. Is k prime?
True
Let b = 3900 - 5747. Let n = 1112 - b. Is n a prime number?
False
Let b = -1 + -11. Let f = 35 + b. Is f a prime number?
True
Let k(v) = v**3 - 2*v**2 + 20*v - 12. Let j be k(15). Suppose 3*c - j = 5844. Is c composite?
False
Is (16/(-24))/((-6)/45) - -3788 a prime number?
True
Let l(i) = 28*i**3 + 7*i**2 + 31*i - 47. Is l(9) a prime number?
True
Let r be 164/8*2*3. Suppose -r = -x + 142. Is x prime?
False
Suppose -x = 5*a + 13, -5*x + 2*a = 14 - 3. Let i = 2 + x. Is (3 - (i + -121)) + 2 a composite number?
False
Suppose -7*o + 6*o = 0. Suppose -3*p + 0*p + 393 = o. Is p a composite number?
False
Let y be 3/12*2 + (-12225)/(-6). Let q = y - -391. Is q a composite number?
True
Suppose -4 + 25 = 3*s. Suppose 6535 = s*d - 3384. Is d a prime number?
False
Let r = 39 + 1075. Is r a composite number?
True
Suppose 3768 = 2*f - 13580. Is f a composite number?
True
Suppose o - 6*o + 80 = 0. Let x(j) = 5*j**2 - j + 27. Is x(o) prime?
True
Let i = 31299 + 1802. Is i composite?
True
Is (-7)/42 - (241862/(-12) + -3) composite?
True
Suppose 0 = 14*z - 25831 + 1793. Is z prime?
False
Is ((-576 - -8)/(-8))/(3/3561) a prime number?
False
Suppose 3 = -s + 5*m, -4*s + 4*m + m = -33. Suppose 6*p - 10*p = -s. Suppose -p*t + 1866 = 3*t. Is t prime?
True
Is (-938)/(-4) - (-7 - (-13)/2) a prime number?
False
Let u(s) = -5 - 3 - 4*s + s + 2*s. Let k be u(-6). Is k*3/(-3)*43 composite?
True
Let d(w) = 20*w**2 + 12*w - 45. Is d(-20) prime?
False
Let c(j) = 954*j + 5. Let f be c(3). Suppose -4*v = g - 583, -7*g - 4*v + f = -2*g. Is g a composite number?
False
Let r(l) be the third derivative of 13*l**5/12 - l**4/8 - 7*l**3/6 - 5*l**2. Is r(-3) composite?
False
Let t(j) = 5*j**2 - 4*j**2 + 3 + 4 + 2*j. Suppose -6*n = -3*n - 24. Is t(n) prime?
False
Let r(i) = 70*i**2 - 8*i + 2. Let j be r(-6). Suppose 38 + j = 8*d. Is d a composite number?
True
Let k = -1162 - -3495. Is k a composite number?
False
Let u(d) = -d. Let z be -1 + 0 - (-2 - -3). Let k be u(z). Is 92/9 + k/(-9) a prime number?
False
Let w = -77 + 85. Suppose 4*u = w, 2*v + 2*u = -3*u + 1124. Is v a composite number?
False
Suppose -15 = -5*f + 3*y, f = -f - 2*y - 10. Let l = 3 - f. Is l a composite number?
False
Let l(q) = 16*q**2 + q - 19. Is l(24) prime?
True
Let y be ((-8)/10)/((-7)/(-35)). Let u(r) = -3*r + 6. Let g be u(y). Let f = 85 - g. Is f composite?
False
Suppose -65 = -8*h + 55. Let b(r) = 5*r + 4. Is b(h) prime?
True
Suppose -4 = -3*c + 2. Let h(b) = c + 15*b - 7 - 11*b. Is h(9) composite?
False
Suppose 0 = -8*w + 5*w - 60. Is (-1)/((-58)/w + -3) composite?
True
Suppose 2*g - 2555 = 4*g + 3*i, 4*i + 12 = 0. Let b = g - -640. Let n = b - -1028. Is n composite?
True
Suppose -35*k = 45647 - 611002. Is k prime?
False
Let p = -195 - -601. Suppose -919 = -2*k - 5*x, -4*k = -2*x - 1372 - p. Is k prime?
False
Suppose -14*h - 4320 = -8*h. Let t(f) = -13*f**3 - 6*f**2 + 8*f + 4. Let m be t(-5). Let k = m + h. Is k a composite number?
False
Suppose 3 = -t + 2*t. Suppose 16 = -t*g + 349. Is g a prime number?
False
Let s(n) = 21*n**2 - 42*n + 6. Let m be s(-10). Let p = 3985 - m. Is p a composite number?
False
Let p(t) be the second derivative of -t**3/3 - 5*t**2/2 - 8*t. Let i be p(-4). Let x(m) = 3*m**3 + m**2 + m - 2. Is x(i) a prime number?
False
Let c = 20 + -26. Let q(h) = -21*h - 9. Let d(p) = 21*p + 8. Let w(b) = -4*d(b) - 3*q(b). Is w(c) a composite number?
True
Is -82*(-249)/6*(0 - -1) composite?
True
Let f be -1 + (1/(-1) - -5). Let r(k) = -3*k**3 - k + 3*k - 12*k + 2*k**f - 9*k**2 - 11. Is r(-9) a prime number?
True
Suppose -55 = -7*h + 2*h + 4*o, h + 4*o + 13 = 0. Let n(s) = 172*s - 11. Is n(h) a composite number?
False
Let r be (-1212)/60 - 2/(-10). Let m be r/90 - (-94)/18. Suppose 3*d + m*k = 575, -2*d = k - 445 + 71. Is d prime?
False
Let j = -128 - -384. Let t = 592 - j. Is (-1)/((-4)/t) + 1 composite?
True
Suppose 5*y = -3*v + 4*v - 13309, 5*v - 20 = 0. Is 